mainder when t is divided by y?
1
Suppose 8*c - 3*c = 15, 0 = -2*u + 3*c + 1. Suppose u*y = 51 + 19. Let r = y + 5. What is the remainder when 35 is divided by r?
16
Let q be 13 - 14 - (24 - 1). Calculate the remainder when 83 is divided by 2 - ((-90)/q)/(1/(-4)).
15
Calculate the remainder when 1215 is divided by 2148/51 - (-2)/(-17).
39
Let p = 12 - 10. Suppose 5*y - 11 = 4*o + 116, 5*y - p*o = 121. Let t = y - 6. Calculate the remainder when 45 is divided by t.
11
Suppose 3766*l - 3762*l - 268 = 0. What is the remainder when 85 is divided by l?
18
Let j(x) = -x**3 - x - 1. Let l(p) = 3*p**3 + 8*p**2 + 4*p - 9. Let d(i) = 2*j(i) + l(i). What is the remainder when d(-6) is divided by 13?
10
Let i = 15 - 16. Let j be ((-3)/6)/(i/90). What is the remainder when 20 is divided by (-6)/24 - j/(-4)?
9
Suppose 24*j - 23*j - 2 = 0. Suppose -z - j - 86 = -5*q, 3*q = -5*z + 64. What is the remainder when q is divided by 11?
7
Let c = 40 + -20. Let m be 10/c + (-2)/4. Suppose -3*v + m*v = -12. What is the remainder when 10 is divided by v?
2
Suppose 7*l - 454 = -132. Calculate the remainder when l is divided by 4.
2
Suppose -4*g - 19 = -q + g, 0 = -q + 3*g + 15. Suppose 3 = -z + q. Calculate the remainder when z - -48 - -3*1 is divided by 29.
28
Suppose 0 = 16*v - 13*v - 69. What is the remainder when 35 is divided by v?
12
What is the remainder when 684/6 - -5 - 5 is divided by 32?
18
Let g(m) = -m**3 - 29*m**2 + 2*m + 89. What is the remainder when g(-29) is divided by 11?
9
Let f(h) = 9*h - 3. Let o be (-45)/(-9)*(0 - -7). Let y = 35 + o. Calculate the remainder when y is divided by f(3).
22
Let m be (-3 + 1)/(2/(-60)). Let f = m + -25. Suppose f = 5*d - 15. Calculate the remainder when 19 is divided by d.
9
Let p(v) = v**3 + 4*v**2 + v + 5. Let l be p(-4). Let r = l + 3. Suppose -r*m + 16 = -16. What is the remainder when 22 is divided by m?
6
Let c(v) = 2*v**2 + 13*v - 3. What is the remainder when 165 is divided by c(-8)?
18
Suppose 5*s - 53 = -8. Suppose -3*o = -t + 36 + s, o = t - 43. Suppose -3*w - 2*w - 78 = -4*d, 0 = 2*w - 4. Calculate the remainder when t is divided by d.
20
Suppose 7*j - 6*j - 152 = 0. Suppose 6*i - j + 38 = 0. Let p(u) = 11*u. Calculate the remainder when p(5) is divided by i.
17
Let n = -2 - 3. Let d be (-9)/n + (-4)/(-20). Suppose -4*t = -3*w - 0*t + 13, -d*w + 7 = -3*t. What is the remainder when 31 is divided by w?
9
Suppose -x - 2*s + 35 = 2*x, -8 = -2*s. What is the remainder when 83 is divided by x?
2
Let t = 22 - 31. Let k = -2 - t. Calculate the remainder when (k/((-28)/(-88)))/1 is divided by 12.
10
Let m = 144 - -256. What is the remainder when m is divided by 27?
22
Let t be (8/(-6))/(1/(-18)). Let j = 28 - t. Calculate the remainder when 46 is divided by (-3)/(0 - 1/j).
10
Let v be (-1312)/(-14) + 6/21*1. Let a = -56 + v. Calculate the remainder when a is divided by 21.
17
What is the remainder when 151 is divided by 0 - (-1 + 0)/((-1)/(-31))?
27
Let q(g) = g**3 + 19*g**2 + 22*g - 16. Let y be q(-16). Let m = y - 247. Calculate the remainder when m is divided by 39.
36
Let q = 0 + 0. Suppose -7*h + 2*h + 5 = q, -5*h = -3*t + 76. Let x = -272 - -279. Calculate the remainder when t is divided by x.
6
Suppose 4*z - j = 900, 1126 = 5*z + j + 10. What is the remainder when z is divided by 47?
36
Let f = 221 - 116. Suppose 68 + 55 = 5*d + 2*m, -2*d + 4*m + 78 = 0. Calculate the remainder when f is divided by d.
24
Let b be ((-8)/12 + -2)*(-27)/4. Let a = 64 - b. Calculate the remainder when a is divided by 12.
10
Suppose -3*a + 537 = -2*a. What is the remainder when a is divided by 27?
24
Suppose d - 60 = 8. Let y = d + -22. Suppose 0 = 5*z + 2*r - 80, 2*r = -3*z + 42 + 6. Calculate the remainder when y is divided by z.
14
Suppose -3*r + 25 + 62 = 0. Calculate the remainder when 54 is divided by r.
25
Let m be 1 + (-1586)/(-8) - 42/(-56). Suppose 0*k = 10*k - m. Calculate the remainder when 50 is divided by k.
10
Let k(u) = 22*u - 11. Let t(i) = -44*i + 21. Let n(r) = 11*k(r) + 6*t(r). Calculate the remainder when 71 is divided by n(-1).
17
Let u(t) be the third derivative of t**5/5 - t**3/2 - 3*t**2. Let h be u(-3). Let m = h + -48. Calculate the remainder when m is divided by 20.
17
Suppose -206 = -11*f + 245. What is the remainder when 161 is divided by f?
38
Suppose -7*y - 242 = -2342. Calculate the remainder when y is divided by 17.
11
Suppose -12 = -l - 11. Let q be l*(0/(-1))/2. Suppose -o = -q*o - 130. Calculate the remainder when o is divided by 33.
31
Let l(c) = 4*c**2 + 4*c - 1. Suppose 4*u + 360 = 4*w, -6*u = -4*w - 7*u + 360. Calculate the remainder when w is divided by l(-3).
21
Let s be (-1 - 1)/(-4)*10. Calculate the remainder when (-4 + s)*(-1)/(2/(-10)) is divided by 2.
1
Let h(d) = -7*d - 48. Suppose -2*u - 15 = -2*k + 9, 3*u - 18 = -3*k. Calculate the remainder when k is divided by h(-8).
1
Let x = 181 - 125. Suppose 2*i - x = 6. What is the remainder when 89 is divided by i?
27
Let q(u) = -15*u - 13. Suppose -l = 3*l. Suppose -3*b - 5*t + 10 = l, -5*b = 3*t + 5 - 43. Calculate the remainder when q(-2) is divided by b.
7
Suppose 12*g - 53 = -5. Suppose g*i + q - 49 = 7, 5*i + 3*q - 63 = 0. What is the remainder when 72 is divided by i?
12
Suppose 11*f = -42 + 317. Suppose -3*b - 4*r + 54 = -0*b, 37 = 2*b + 3*r. Calculate the remainder when f is divided by b.
11
Let z(r) be the second derivative of 5*r**3/2 + 19*r**2/2 - 3*r. Calculate the remainder when z(6) is divided by 56.
53
What is the remainder when (-6 - -2) + 286/26 is divided by 3?
1
Let t be (-1278)/42 - 6/(-14). Let h be (-2)/5 - 3972/t. Suppose 4*k - 136 = 4*a + h, -4*k = -3*a - 271. What is the remainder when k is divided by 18?
16
Suppose 6 = 3*o, -d + 5*o + 10 = 3*d. Suppose 0 = 4*c + 8, d*g - c = -5*c + 62. Suppose -2*s + g = -26. What is the remainder when 78 is divided by s?
18
Calculate the remainder when ((-1)/3)/(((-5)/(-2370))/(-1)) is divided by 32.
30
Let h = 688 + -675. Calculate the remainder when 23 is divided by h.
10
Suppose -2*b = -3 - 3. Suppose -4*c - b*k + k = -192, -246 = -5*c - 4*k. Suppose -2*i = 20 - c. Calculate the remainder when i is divided by 7.
6
Let a = -8 + 8. Suppose 4*i - 2*c - 54 = a, -25 = -i - 4*c - 7. Let u(y) = y**3 + 7*y**2 + 3*y + 6. What is the remainder when u(-5) is divided by i?
13
Let z(s) = -2*s**2 - 44*s - 14. What is the remainder when 223 is divided by z(-21)?
27
Suppose 17*g = 2903 - 710. Let w = -18 - -40. What is the remainder when g is divided by w?
19
Suppose 5*l - 185 + 10 = 0. Suppose -5*p + 10*p - 60 = 2*s, 2*s = p - 4. What is the remainder when l is divided by p?
7
Let t be (-66)/(-10) - 2/(-5). Let a(m) = 2*m + 4. Suppose -4623 = -53*j - 14*j. Calculate the remainder when j is divided by a(t).
15
Suppose -5*g = -4*o - 55, 3*o = 2*g - 35 + 13. What is the remainder when 29 is divided by g?
7
Let a(z) = -z**2 + 16*z - 33. Let r be a(10). Let x = 114 + r. Calculate the remainder when x is divided by 24.
21
Suppose -z + 26 - 33 = 0. Let g(h) = h**2 + 3*h + 3. Let f = 2 - -9. What is the remainder when g(z) is divided by f?
9
Suppose 3*c + c + 26 = 3*p, 4*p + c - 60 = 0. What is the remainder when 35 - (0/2 - 0) is divided by 1/(-7)*-82 - (-4)/p?
11
Let s = 4 + -5. What is the remainder when 32 is divided by s/(-6) - (-287)/42?
4
Suppose -5*h = -11 - 9. Suppose -36 = -4*t - h. Suppose 0 = -3*v + 5*u + 112, 5*v - 4*u - 165 = -0*v. What is the remainder when v is divided by t?
5
Let w(k) = 2*k - 4. Let d be w(3). Suppose 2*z - 2 = d. Suppose 20 = 2*l - z. Calculate the remainder when 21 is divided by l.
10
Suppose 0 = 4*t - g - 3, 2*t - 11 = -2*g + 3. Suppose t*d = -3*m - 48, 0 = -0*d - 2*d + 6. Let f = m - -27. What is the remainder when 43 is divided by f?
7
Let o = -1357 + 2597. Calculate the remainder when o is divided by 69.
67
Let h = 134 - 95. Suppose 0 = -3*q - 5*q + 32. Suppose 56 = 2*p - 4*v, q + h = p + 3*v. Calculate the remainder when p is divided by 12.
10
Suppose 7*t - 9 = 4*t. Suppose 0 = 5*v + 120 - 25. Let x = -8 - v. What is the remainder when x is divided by t?
2
Suppose 0*p - 3*p = m + 8, 2*m - 2*p = 16. Suppose 79 = 3*t + m. Suppose 5*u - 49 = 2*l, -51 = -u - 4*u + 3*l. Calculate the remainder when t is divided by u.
7
Let v(i) = i**3 - i**2 + 19. Suppos